0 = 2*m, -n + 2 = -2*m. Suppose 0 = a - q - n - 2, 5*a + q = 52. Suppose -a*z + 30 = -8*z. List the prime factors of z.
3, 5
Let x(m) = 23*m**3 + 2*m**2 + 1. Let z(o) = 23*o**3 + 3*o**2 - o + 1. Let s(g) = -3*x(g) + 2*z(g). Let t be s(-1). Let f = t - 10. List the prime factors of f.
2, 7
Let o(z) = z**2 - 14*z + 2. Let i be o(13). Let b(w) = w**3 + 12*w**2 + 7*w - 3. What are the prime factors of b(i)?
41
Let y = -6 + 2. Let g be (-3)/2*y/3. List the prime factors of g + (-1)/(2/(-20)).
2, 3
Suppose -28*k + 29*k - 2542 = 0. What are the prime factors of k?
2, 31, 41
Let r = 1741 + 476. What are the prime factors of r?
3, 739
Suppose j + 3254 = 4*w - j, -3*j + 1615 = 2*w. What are the prime factors of w?
2, 7, 29
Let u be (-3)/12 + (-1092)/(-16). Let t = u + 11. List the prime factors of (0/2 + 1)*t.
79
Let s(m) = 9*m. Suppose -2*y - 52 = -5*h, y - 40 = -5*h + 6*y. List the prime factors of s(h).
2, 3
Let d(k) = -k**2 - 12*k - 10. Let r be (-1)/(-3) - (-1586)/(-6). Let s be 18/117 - r/(-26). What are the prime factors of d(s)?
2, 5
Let w = -6 + 10. Let n(j) = w*j + 25 + 1 - 3*j - 4. List the prime factors of n(0).
2, 11
Suppose 12 = 7*l - 2*l - 4*q, -3*q = -6. Let o(s) = 7*s + l*s + 8*s**2 - 2*s + 2 - s**3. What are the prime factors of o(9)?
2
Let q = 35 + -111. Let x = 134 + -254. Let c = q - x. List the prime factors of c.
2, 11
Let j = -168 - -288. Suppose -5*r - q + 204 = 0, 0*r - 3*q = 3*r - j. What are the prime factors of r?
41
Let r(z) = -2*z + 4. Suppose 2*o = -j - 8, 2*o - 24 = 3*j - 0*o. Let b be r(j). Suppose g - 93 = -b. What are the prime factors of g?
73
Let d be 6*(1 + 9/(-2)). Suppose -4*h - 15 = 41. List the prime factors of (h/d)/(2/81).
3
List the prime factors of -1 - (4/6 - 18464/48).
383
Let d be 88/(-3)*27/(-12). Suppose -27 - d = -2*c - x, -5*x = -2*c + 87. What are the prime factors of c?
2, 23
Let k = 15 - 14. Let o(x) = 210*x - 5. List the prime factors of o(k).
5, 41
Let v = -352 + 653. List the prime factors of v.
7, 43
Let t(i) = -32*i - 8. Let b be t(-4). Suppose -3*g + b = 3*c + 21, 3*c - 2*g - 79 = 0. What are the prime factors of c?
29
Let i(f) = -53*f - 25. Suppose -58 + 16 = 14*z. List the prime factors of i(z).
2, 67
Let p = -1578 - -4789. List the prime factors of p.
13, 19
Let m = -1109 + 1742. What are the prime factors of m?
3, 211
Suppose 5*a - 564 = 96. Let m = a + -122. List the prime factors of m.
2, 5
List the prime factors of (-2)/4 + (63036/(-8))/(-17).
463
Suppose i + 153 = 10*i. Let x = i - 17. Suppose -2*p + 4*a - 1 + 11 = x, -5*p = -4*a - 55. What are the prime factors of p?
3, 5
Suppose 4*k - 1833 = -465. Suppose -k = -2*d - d. What are the prime factors of d?
2, 3, 19
Suppose 2*h + 0*h - 4*o = -104, -2*h = 5*o + 95. Let r = 66 + h. List the prime factors of r.
2
What are the prime factors of (-1 + -4)*1456/(-70)?
2, 13
Let h be (0 - -1)*0*(-3)/12. Let r(s) = -s + 114. What are the prime factors of r(h)?
2, 3, 19
List the prime factors of 10*(-2 + 4 - 31)*-1.
2, 5, 29
Let a be (2 - 3)*0/5. What are the prime factors of 35 + (-2 + a)*(-12)/8?
2, 19
Suppose f - 2*z = -2*f + 190, 85 = f - 5*z. What are the prime factors of 1*32/(-3)*f/(-8)?
2, 5
Suppose 5142*k = 5153*k - 29777. What are the prime factors of k?
2707
List the prime factors of 8 + 1128 + (5 - 2).
17, 67
Let r = 481 + -44. What are the prime factors of r?
19, 23
Suppose 2*a = 5*a - 2*y + 422, 16 = 4*y. Let z = a + 250. What are the prime factors of z?
2, 7
Let c be 0/2 - (-2 + 6). Let k(x) = x**3 + 4*x**2. Let w be k(c). Suppose w = i - 4*i + 93. What are the prime factors of i?
31
List the prime factors of (-2538)/(-10) - ((-76)/(-20) - 4).
2, 127
Let f be (-4 - 1*-8) + 4. Suppose -3*g = -5*k - 72, 3*g = -k + f - 26. Let w(i) = -i + 6. List the prime factors of w(k).
3, 7
Suppose 8*z = 3*z - 4*n - 893, -3*z - 4*n - 531 = 0. Let o = -51 - z. List the prime factors of o.
2, 5, 13
Let l = 55 - 53. Suppose -69 = l*b - 549. List the prime factors of b.
2, 3, 5
Let b(n) = -4*n + 29. Let i be b(7). What are the prime factors of i*5/(-30) + (-1250)/(-12)?
2, 13
Suppose 0 = y - 987 + 282. Suppose h + 447 + 750 = 5*r, -3*r + 5*h + y = 0. List the prime factors of r.
2, 3, 5
Let y = -30 + 33. Suppose 0*w = y*w - 423. What are the prime factors of w?
3, 47
Let n(u) = 391*u**2 + 2*u + 2. Let s be n(-1). Suppose -5*g = 2*p - s, g - 42 - 20 = 5*p. What are the prime factors of g?
7, 11
Let k be 12/14*378/2. Suppose k = 2*j - 26. List the prime factors of j.
2, 47
Suppose -817 - 115 = -4*x. Suppose 0 = 2*h - x + 65. List the prime factors of h.
2, 3, 7
Let l be 2/3*(-5)/(40/12). What are the prime factors of -16*l/(3/6)?
2
Let q = 53 - 51. Suppose -q*v + 47 = -v. What are the prime factors of v?
47
Let h(p) = p**2 - p - 1. Let x(z) = -2*z**2 + 4*z + 5. Let t(y) = -h(y) - x(y). List the prime factors of t(7).
2, 3
Suppose -2*c = -9*c + 2086. Let s = c - 165. What are the prime factors of s?
7, 19
Let t(m) = m**2 + 13*m + 1216. What are the prime factors of t(0)?
2, 19
List the prime factors of (102/(-12))/(6/(-372)).
17, 31
Suppose 0 = -4*z - 6 - 14, 3*v + 5*z = 2978. What are the prime factors of v?
7, 11, 13
Suppose 91 + 80 = 3*x. Suppose 3*z = -4*v - z + 348, -4*v + 303 = -5*z. Let h = v - x. List the prime factors of h.
5
Suppose 0 = 4*y + 12, 4*y + 70 = -3*p + 10. Let g = p - -13. What are the prime factors of (-2)/g + 20/15?
2
Suppose 0 = 4*i - 6 - 18. Suppose 0 = 4*j - 0*j. Suppose -u + j*u = -i. What are the prime factors of u?
2, 3
Let z = 101 + 197. What are the prime factors of z?
2, 149
Let q(m) = 22*m**2 + 4*m - 68. List the prime factors of q(10).
2, 3, 181
Let i(v) = -2*v - 20. Let p be i(-12). Suppose -10 = -4*c + 6, -p*c - 174 = -5*q. What are the prime factors of q?
2, 19
Suppose -13*w = -10*w - 9. Suppose -w*l + 254 = 2*h - 67, -4*h = -l - 677. What are the prime factors of h?
2, 3, 7
Let o be (-404)/10 + 4/10. Let t be (-4)/10 - 96/o. Suppose 3*p = -2*w + 134, t*w - 4*p - 110 = -p. List the prime factors of w.
61
Let h(q) = -q**2 - 15*q - 7. Let l be h(-6). List the prime factors of l + 3*(-12)/(-9).
3, 17
Suppose 2*l = -3*l. Suppose l = -20*i + 21*i - 52. What are the prime factors of i?
2, 13
Suppose -2*y = -3*y + k + 475, -5*y - 4*k = -2366. List the prime factors of y.
2, 3, 79
Suppose 2*k - 5*x + 0*x = 152, 5*x = k - 81. Let a = -57 + k. List the prime factors of a.
2, 7
Let b = 151 + 252. What are the prime factors of b?
13, 31
Suppose 0 = 2*x + 8*x - 6290. Suppose 5*y + 149 = x. What are the prime factors of y?
2, 3
Suppose -2*j + 3*j + 10 = 0. Let w = j - -55. List the prime factors of w.
3, 5
Suppose 2*c + 0*c - 6 = 0, 14 = 2*t + 2*c. Suppose -l + 2*l - 4*b = 29, 0 = l + b - t. List the prime factors of l.
3
Suppose 2*u + 2 = -z, 2*z = 7*z - 5*u - 20. Let n(i) = -i - i**z + 3*i + 2*i + 3*i + 6. List the prime factors of n(7).
2, 3
List the prime factors of 767372/414 - 8/(-18).
2, 3, 103
Suppose -4104 = -0*n - 9*n. List the prime factors of n.
2, 3, 19
Suppose -17*y = 166 - 20039. List the prime factors of y.
7, 167
Suppose -9*b = -17*b - 1376. Let y = b + 314. List the prime factors of y.
2, 71
What are the prime factors of 5/(30/(-66))*-1?
11
Suppose -35*g = -49*g + 1582. Let c be 21/(-2)*(-66)/9. Let m = g - c. List the prime factors of m.
2, 3
Suppose 12605 - 2860 = 5*x. List the prime factors of x.
1949
List the prime factors of (52/(-8))/(2/(-8)).
2, 13
Suppose 4*a - 20 = -116. Let n be (6/18)/((-1)/a). Suppose n = 2*d - 6. List the prime factors of d.
7
Let r(j) = -6 + 21*j - 32*j + 53. List the prime factors of r(-17).
2, 3, 13
Suppose 10990 = 27*x - 25001. List the prime factors of x.
31, 43
Let v = -74 - -13. Let a = v - -125. Let s = a - 36. List the prime factors of s.
2, 7
What are the prime factors of (-124505)/(-37)*(-2 + (5 - 2))?
5, 673
Let t = 9 + 6. Suppose 2*o - 5*o + t = -m, 0 = o + 5*m - 21. Suppose o*d = 9*d - 84. List the prime factors of d.
2, 7
Let v(j) = j**2 - 2*j - 24. Let w be v(-4). Let x(s) = 7*s**3 + s**2. Let g be x(1). Suppose 2*c - g = -0*c, w = -k + 3*c. List the prime factors of k.
2, 3
Let q = 756 - -419. List the prime factors of q.
5, 47
Suppose 1137 = r - 2*h, 0 = -5*r + 11*h - 12*h + 5685. List the prime factors of r.
3, 379
Let v be (-6)/2 + 1 + 13. Let h = -3 + v. Let